eatest common factor of 8 and 2708?
4
Calculate the highest common factor of 765 and 4947.
51
Calculate the highest common factor of 30 and 7362.
6
What is the highest common factor of 126912 and 16?
16
Calculate the highest common factor of 46 and 2023540.
46
Calculate the greatest common divisor of 14691 and 113457.
177
What is the highest common factor of 484 and 6380?
44
What is the highest common divisor of 585 and 315?
45
Calculate the greatest common divisor of 468 and 12.
12
Calculate the greatest common factor of 320210 and 355.
355
Calculate the highest common divisor of 696 and 6906.
6
Calculate the highest common divisor of 107913 and 39.
39
What is the greatest common factor of 68856 and 8?
8
Calculate the greatest common divisor of 5593 and 14229.
17
Calculate the highest common divisor of 326150 and 88.
22
Calculate the highest common factor of 10137 and 558.
93
What is the greatest common factor of 30 and 556602?
6
What is the greatest common factor of 176 and 30140?
44
What is the highest common factor of 168657 and 51?
51
What is the highest common factor of 216296 and 44113?
1423
What is the greatest common divisor of 111942 and 3834?
54
What is the highest common factor of 117 and 318786?
39
Calculate the highest common divisor of 54 and 4008.
6
Calculate the highest common divisor of 1668 and 156.
12
What is the highest common factor of 210 and 48020?
70
Calculate the greatest common factor of 3090 and 1130322.
618
What is the highest common factor of 76005 and 1080?
135
Calculate the highest common divisor of 155215 and 27687.
839
Calculate the greatest common factor of 19182 and 3174.
138
Calculate the highest common divisor of 230 and 112930.
230
What is the highest common divisor of 117 and 1352?
13
What is the greatest common divisor of 107 and 45?
1
What is the greatest common factor of 55632 and 6232?
152
Calculate the greatest common factor of 39 and 390624.
39
Calculate the greatest common factor of 346 and 7317554.
346
What is the highest common divisor of 49752 and 216?
72
Calculate the greatest common factor of 9590 and 27674.
274
Calculate the highest common factor of 5049 and 41888.
187
Calculate the highest common divisor of 41817 and 2703.
159
Calculate the greatest common factor of 37481 and 11951.
37
What is the greatest common factor of 38952 and 3480?
24
Calculate the greatest common factor of 9 and 24792.
3
What is the greatest common factor of 88045 and 400?
5
What is the greatest common factor of 15840 and 600?
120
What is the highest common divisor of 99 and 55?
11
What is the highest common factor of 11661 and 460?
23
What is the highest common divisor of 151504 and 68?
68
What is the greatest common divisor of 394 and 2?
2
Calculate the highest common divisor of 420 and 37140.
60
Calculate the greatest common divisor of 10944 and 480.
96
Calculate the highest common factor of 29850 and 60.
30
Calculate the greatest common divisor of 536 and 479854.
134
Calculate the highest common factor of 165 and 162195.
165
Calculate the highest common divisor of 83 and 2691109.
83
What is the highest common divisor of 51 and 2136883?
17
Calculate the greatest common factor of 1458 and 821340.
486
What is the highest common divisor of 75 and 1193?
1
Calculate the greatest common factor of 78 and 159770.
26
Calculate the greatest common divisor of 784 and 20727.
49
Calculate the highest common divisor of 1830 and 330.
30
Calculate the highest common factor of 147 and 2359.
7
What is the highest common divisor of 19272 and 1672?
88
What is the highest common divisor of 62 and 13237?
31
What is the highest common divisor of 14706 and 77634?
342
Calculate the highest common divisor of 1508 and 3807323.
377
Calculate the highest common factor of 95069 and 824.
103
Calculate the greatest common factor of 828 and 19188.
36
What is the greatest common divisor of 173 and 339?
1
Calculate the greatest common divisor of 1891 and 25503917.
1891
What is the highest common factor of 13 and 236171?
13
What is the highest common factor of 42105 and 140?
35
Calculate the highest common divisor of 39 and 2103.
3
What is the highest common divisor of 1608902 and 298?
298
Calculate the highest common factor of 403675 and 67.
67
What is the greatest common divisor of 1780 and 2680?
20
Calculate the greatest common factor of 2387059 and 9037.
1291
Calculate the highest common divisor of 450 and 750150.
450
Calculate the highest common divisor of 3186 and 59118.
354
Calculate the greatest common factor of 331585 and 595.
85
What is the greatest common factor of 162 and 139590?
54
Calculate the highest common divisor of 1885 and 1365.
65
What is the greatest common divisor of 38906 and 28?
14
What is the highest common factor of 68 and 3196?
68
What is the highest common divisor of 55 and 46442?
11
What is the highest common factor of 212314 and 166?
166
What is the highest common factor of 1139 and 4757?
67
Calculate the highest common divisor of 22 and 31493.
11
What is the highest common divisor of 6525 and 5800?
725
What is the greatest common factor of 450 and 48753?
9
What is the greatest common factor of 55 and 25399?
11
Calculate the greatest common divisor of 15503 and 7400.
37
What is the greatest common factor of 11470 and 280?
10
What is the greatest common factor of 4032 and 189?
63
What is the greatest common factor of 61548 and 276?
276
Calculate the highest common factor of 32 and 858884.
4
What is the greatest common divisor of 421 and 161243?
421
Calculate the highest common factor of 21222 and 16362.
162
Calculate the highest common factor of 2061 and 70761.
687
What is the highest common divisor of 5 and 253870?
5
Calculate the greatest common divisor of 5096 and 61544.
392
Calculate the greatest common factor of 17 and 93007.
17
What is the greatest common factor of 3033 and 12?
3
What is the highest common factor of 36309 and 104?
13
What is the greatest common divisor of 1267 and 630?
7
Calculate the highest common factor of 42 and 76902.
42
Calculate the greatest common divisor of 3315 and 1079.
13
What is the highest common factor of 13690 and 74000?
370
What is the highest common factor of 2520 and 31080?
840
Calculate the greatest common divisor of 10995 and 240.
15
Calculate the highest common divisor of 61 and 1633763.
61
Calculate the greatest common divisor of 44455 and 1445.
85
What is the highest common divisor of 46864 and 87?
29
What is the highest common divisor of 17809 and 7689?
11
Calculate the highest common factor of 3012 and 336.
12
What is the greatest common factor of 954 and 310527?
477
Calculate the highest common factor of 390 and 1528410.
390
Calculate the highest common divisor of 17913 and 21.
21
What is the highest common divisor of 5 and 66490?
5
Calculate the highest common divisor of 539828 and 418.
38
What is the highest common divisor of 555791 and 327?
109
Calculate the greatest common divisor of 137841 and 66.
33
Calculate the highest common factor of 89460 and 360.
180
Calculate the greatest common factor of 703 and 2368.
37
Calculate the greatest common divisor of 165 and 22209.
33
Calculate the greatest common factor of 157596 and 621.
69
What is the highest common factor of 144 and 873?
9
What is the highest common divisor of 182 and 788294?
26
Calculate the greatest common divisor of 241740 and 310.
10
What is the highest common factor of 425 and 100470?
85
Calculate the highest common divisor of 7992 and 348651.
999
What is the highest common factor of 6494 and 578?
34
What is the greatest common divisor of 49 and 109711?
49
What is the greatest common factor of 4411 and 143959?
401
What is the highest common factor of 4952 and 40?
8
Calculate the highest common factor of 118 and 133753.
59
What is the highest common divisor of 2875 and 47625?
125
Calculate the greatest common divisor of 194546 and 66.
22
Calculate the greatest common divisor of 24 and 105618.
6
Calculate the greatest common divisor of 516019 and 196.
49
What is the greatest common divisor of 5184 and 6156?
324
What is the greatest common factor of 24 and 317172?
12
Calculate the highest common divisor of 2660 and 244492.
76
What is the highest common divisor of 1176 and 74312?
56
Calculate the highe